{"id":1551,"date":"2023-11-18T21:37:14","date_gmt":"2023-11-18T20:37:14","guid":{"rendered":"https:\/\/www.diesattlerin.at\/2020\/?post_type=product&#038;p=1551"},"modified":"2025-09-14T22:47:51","modified_gmt":"2025-09-14T20:47:51","slug":"acavallo-arena-alupro-steigbuegel","status":"publish","type":"product","link":"https:\/\/www.diesattlerin.at\/2020\/produkt\/acavallo-arena-alupro-steigbuegel\/","title":{"rendered":"Acavallo Arena Alupro Steigb\u00fcgel"},"content":{"rendered":"<p><strong class=\"subline BLOCK\">ACAVALLO Steigb\u00fcgel Arena Alupro<\/strong><\/p>\n<p>Aktion l\u00e4uft bis 10.12.23 und wird bis Weihnachten Versandkostenfrei versendet.<\/p>\n<div id=\"description\" class=\"produkt-beschreibung\">\n<h3 class=\"content-text\">2 St\u00fcck<\/h3>\n<ul class=\"content-list\">\n<li>Steigb\u00fcgel Arena Alupro von ACAVALLO<\/li>\n<li>Riffel-Trittfl\u00e4che aus rostfreiem Stahl<\/li>\n<li>deutliche Entlastung der Fu\u00dfsohlen, Kn\u00f6chel, Knie und H\u00fcften<\/li>\n<\/ul>\n<p class=\"content-text\">Steigb\u00fcgel Arena Alupro von ACAVALLO. Ein funktionaler Sicherheitssteigb\u00fcgel &#8211; der Bogen des B\u00fcgels besteht aus Aluminium, w\u00e4hrend der Gelenkarm und die Fu\u00dfauflage aus einem speziellen Polyamid-Material gefertigt ist. Die aufmontierte Riffel-Trittfl\u00e4che ist aus rostfreiem Stahl. Der Sperr- und Freigabemechanismus l\u00e4sst sich nach dem Ausl\u00f6sen mit einem Klick wieder einrasten. Der Steigb\u00fcgel vermittelt dem Reiter ein weniger starres und somit wesentlich bequemeres Gef\u00fchl als herk\u00f6mmliche Steigb\u00fcgel. Bogen und Fu\u00dfauflage sind aufgrund ihrer Federwirkung in der Lage, kurzzeitige Lastzunahmen effektiv aufzunehmen und auszugleichen. Es entsteht eine deutliche Entlastung der Fu\u00dfsohlen, Kn\u00f6chel, Knie und H\u00fcften. Sehr vorteilhaft f\u00fcr Reiter, die unter orthop\u00e4dischen Problemen leiden.<\/p>\n<p>&#8211; Gesamtma\u00dfe: ca. 17\u00a0cm (H\u00f6he) x 15\u00a0cm (Breite) x 6,5\u00a0cm (Tiefe)<br \/>\n&#8211; Ma\u00dfe Trittfl\u00e4che: ca. 2\u00a0cm (H\u00f6he) x 10\u00a0cm (Breite) x 6,5\u00a0cm (Tiefe)<\/p>\n<\/div>\n<p>Schwarz , Charc, Titan, Aluminium, Braun, Bronze, Blau, Rot, Rosegold<\/p>\n<p>10 -14 Tage Lieferzeit<\/p>\n","protected":false},"excerpt":{"rendered":"<p>ACAVALLO Steigb\u00fcgel Arena Alupro Aktion l\u00e4uft bis 10.12.23 und wird [&hellip;]<\/p>\n","protected":false},"featured_media":1613,"comment_status":"open","ping_status":"closed","template":"","meta":[],"product_brand":[],"product_cat":[41,50,54,40,55],"product_tag":[99,100,101],"class_list":{"0":"post-1551","1":"product","2":"type-product","3":"status-publish","4":"has-post-thumbnail","6":"product_cat-acavallo-lieblinge","7":"product_cat-pferd","8":"product_cat-sattelzubehoer","9":"product_cat-sicherheits-steigbuegel","10":"product_cat-theriis-lieblinge","11":"product_tag-acavallo","12":"product_tag-steigbuegel","13":"product_tag-steigbuegelriemen","15":"first","16":"instock","17":"sale","18":"taxable","19":"shipping-taxable","20":"purchasable","21":"product-type-variable","22":"has-default-attributes"},"yoast_head":"<!-- This site is optimized with the Yoast SEO plugin v24.7 - https:\/\/yoast.com\/wordpress\/plugins\/seo\/ -->\n<title>Acavallo Arena Alupro Steigb\u00fcgel &#187; Die Sattlerin.at<\/title>\n<meta name=\"robots\" content=\"index, follow, max-snippet:-1, max-image-preview:large, max-video-preview:-1\" \/>\n<link rel=\"canonical\" href=\"https:\/\/www.diesattlerin.at\/2020\/produkt\/acavallo-arena-alupro-steigbuegel\/\" \/>\n<meta property=\"og:locale\" content=\"de_DE\" \/>\n<meta property=\"og:type\" content=\"article\" \/>\n<meta property=\"og:title\" content=\"Acavallo Arena Alupro Steigb\u00fcgel &#187; Die Sattlerin.at\" \/>\n<meta property=\"og:description\" content=\"ACAVALLO Steigb\u00fcgel Arena Alupro Aktion l\u00e4uft bis 10.12.23 und wird [&hellip;]\" \/>\n<meta property=\"og:url\" content=\"https:\/\/www.diesattlerin.at\/2020\/produkt\/acavallo-arena-alupro-steigbuegel\/\" \/>\n<meta property=\"og:site_name\" content=\"Die Sattlerin.at\" \/>\n<meta property=\"article:modified_time\" content=\"2025-09-14T20:47:51+00:00\" \/>\n<meta property=\"og:image\" content=\"https:\/\/www.diesattlerin.at\/2020\/wp-content\/uploads\/2023\/11\/acavallo-steigbuegel-arena-alupro.jpg\" \/>\n\t<meta property=\"og:image:width\" content=\"620\" \/>\n\t<meta property=\"og:image:height\" content=\"620\" \/>\n\t<meta property=\"og:image:type\" content=\"image\/jpeg\" \/>\n<meta name=\"twitter:card\" content=\"summary_large_image\" \/>\n<meta name=\"twitter:label1\" content=\"Gesch\u00e4tzte Lesezeit\" \/>\n\t<meta name=\"twitter:data1\" content=\"1\u00a0Minute\" \/>\n<script type=\"application\/ld+json\" class=\"yoast-schema-graph\">{\"@context\":\"https:\/\/schema.org\",\"@graph\":[{\"@type\":\"WebPage\",\"@id\":\"https:\/\/www.diesattlerin.at\/2020\/produkt\/acavallo-arena-alupro-steigbuegel\/\",\"url\":\"https:\/\/www.diesattlerin.at\/2020\/produkt\/acavallo-arena-alupro-steigbuegel\/\",\"name\":\"Acavallo Arena Alupro Steigb\u00fcgel &#187; Die Sattlerin.at\",\"isPartOf\":{\"@id\":\"https:\/\/www.diesattlerin.at\/2020\/#website\"},\"primaryImageOfPage\":{\"@id\":\"https:\/\/www.diesattlerin.at\/2020\/produkt\/acavallo-arena-alupro-steigbuegel\/#primaryimage\"},\"image\":{\"@id\":\"https:\/\/www.diesattlerin.at\/2020\/produkt\/acavallo-arena-alupro-steigbuegel\/#primaryimage\"},\"thumbnailUrl\":\"https:\/\/www.diesattlerin.at\/2020\/wp-content\/uploads\/2023\/11\/acavallo-steigbuegel-arena-alupro.jpg\",\"datePublished\":\"2023-11-18T20:37:14+00:00\",\"dateModified\":\"2025-09-14T20:47:51+00:00\",\"breadcrumb\":{\"@id\":\"https:\/\/www.diesattlerin.at\/2020\/produkt\/acavallo-arena-alupro-steigbuegel\/#breadcrumb\"},\"inLanguage\":\"de\",\"potentialAction\":[{\"@type\":\"ReadAction\",\"target\":[\"https:\/\/www.diesattlerin.at\/2020\/produkt\/acavallo-arena-alupro-steigbuegel\/\"]}]},{\"@type\":\"ImageObject\",\"inLanguage\":\"de\",\"@id\":\"https:\/\/www.diesattlerin.at\/2020\/produkt\/acavallo-arena-alupro-steigbuegel\/#primaryimage\",\"url\":\"https:\/\/www.diesattlerin.at\/2020\/wp-content\/uploads\/2023\/11\/acavallo-steigbuegel-arena-alupro.jpg\",\"contentUrl\":\"https:\/\/www.diesattlerin.at\/2020\/wp-content\/uploads\/2023\/11\/acavallo-steigbuegel-arena-alupro.jpg\",\"width\":620,\"height\":620},{\"@type\":\"BreadcrumbList\",\"@id\":\"https:\/\/www.diesattlerin.at\/2020\/produkt\/acavallo-arena-alupro-steigbuegel\/#breadcrumb\",\"itemListElement\":[{\"@type\":\"ListItem\",\"position\":1,\"name\":\"Startseite\",\"item\":\"https:\/\/www.diesattlerin.at\/2020\/\"},{\"@type\":\"ListItem\",\"position\":2,\"name\":\"Shop\",\"item\":\"https:\/\/www.diesattlerin.at\/2020\/shop\/\"},{\"@type\":\"ListItem\",\"position\":3,\"name\":\"Acavallo Arena Alupro Steigb\u00fcgel\"}]},{\"@type\":\"WebSite\",\"@id\":\"https:\/\/www.diesattlerin.at\/2020\/#website\",\"url\":\"https:\/\/www.diesattlerin.at\/2020\/\",\"name\":\"DieSattlerin.at\",\"description\":\"F\u00fcr die peferkte Verbindung zwischen Pferd und Reiter\",\"publisher\":{\"@id\":\"https:\/\/www.diesattlerin.at\/2020\/#\/schema\/person\/b2e347c8d990b2c6625ad3406dab25ae\"},\"potentialAction\":[{\"@type\":\"SearchAction\",\"target\":{\"@type\":\"EntryPoint\",\"urlTemplate\":\"https:\/\/www.diesattlerin.at\/2020\/?s={search_term_string}\"},\"query-input\":{\"@type\":\"PropertyValueSpecification\",\"valueRequired\":true,\"valueName\":\"search_term_string\"}}],\"inLanguage\":\"de\"},{\"@type\":[\"Person\",\"Organization\"],\"@id\":\"https:\/\/www.diesattlerin.at\/2020\/#\/schema\/person\/b2e347c8d990b2c6625ad3406dab25ae\",\"name\":\"Theresa Stern\",\"image\":{\"@type\":\"ImageObject\",\"inLanguage\":\"de\",\"@id\":\"https:\/\/www.diesattlerin.at\/2020\/#\/schema\/person\/image\/\",\"url\":\"https:\/\/secure.gravatar.com\/avatar\/2ace1a28597fedd70ab057b04196cc48c92122397db6802ce72950f59c7e4f35?s=96&d=mm&r=g\",\"contentUrl\":\"https:\/\/secure.gravatar.com\/avatar\/2ace1a28597fedd70ab057b04196cc48c92122397db6802ce72950f59c7e4f35?s=96&d=mm&r=g\",\"caption\":\"Theresa Stern\"},\"logo\":{\"@id\":\"https:\/\/www.diesattlerin.at\/2020\/#\/schema\/person\/image\/\"}}]}<\/script>\n<!-- \/ Yoast SEO plugin. -->","yoast_head_json":{"title":"Acavallo Arena Alupro Steigb\u00fcgel &#187; Die Sattlerin.at","robots":{"index":"index","follow":"follow","max-snippet":"max-snippet:-1","max-image-preview":"max-image-preview:large","max-video-preview":"max-video-preview:-1"},"canonical":"https:\/\/www.diesattlerin.at\/2020\/produkt\/acavallo-arena-alupro-steigbuegel\/","og_locale":"de_DE","og_type":"article","og_title":"Acavallo Arena Alupro Steigb\u00fcgel &#187; Die Sattlerin.at","og_description":"ACAVALLO Steigb\u00fcgel Arena Alupro Aktion l\u00e4uft bis 10.12.23 und wird [&hellip;]","og_url":"https:\/\/www.diesattlerin.at\/2020\/produkt\/acavallo-arena-alupro-steigbuegel\/","og_site_name":"Die Sattlerin.at","article_modified_time":"2025-09-14T20:47:51+00:00","og_image":[{"width":620,"height":620,"url":"https:\/\/www.diesattlerin.at\/2020\/wp-content\/uploads\/2023\/11\/acavallo-steigbuegel-arena-alupro.jpg","type":"image\/jpeg"}],"twitter_card":"summary_large_image","twitter_misc":{"Gesch\u00e4tzte Lesezeit":"1\u00a0Minute"},"schema":{"@context":"https:\/\/schema.org","@graph":[{"@type":"WebPage","@id":"https:\/\/www.diesattlerin.at\/2020\/produkt\/acavallo-arena-alupro-steigbuegel\/","url":"https:\/\/www.diesattlerin.at\/2020\/produkt\/acavallo-arena-alupro-steigbuegel\/","name":"Acavallo Arena Alupro Steigb\u00fcgel &#187; Die Sattlerin.at","isPartOf":{"@id":"https:\/\/www.diesattlerin.at\/2020\/#website"},"primaryImageOfPage":{"@id":"https:\/\/www.diesattlerin.at\/2020\/produkt\/acavallo-arena-alupro-steigbuegel\/#primaryimage"},"image":{"@id":"https:\/\/www.diesattlerin.at\/2020\/produkt\/acavallo-arena-alupro-steigbuegel\/#primaryimage"},"thumbnailUrl":"https:\/\/www.diesattlerin.at\/2020\/wp-content\/uploads\/2023\/11\/acavallo-steigbuegel-arena-alupro.jpg","datePublished":"2023-11-18T20:37:14+00:00","dateModified":"2025-09-14T20:47:51+00:00","breadcrumb":{"@id":"https:\/\/www.diesattlerin.at\/2020\/produkt\/acavallo-arena-alupro-steigbuegel\/#breadcrumb"},"inLanguage":"de","potentialAction":[{"@type":"ReadAction","target":["https:\/\/www.diesattlerin.at\/2020\/produkt\/acavallo-arena-alupro-steigbuegel\/"]}]},{"@type":"ImageObject","inLanguage":"de","@id":"https:\/\/www.diesattlerin.at\/2020\/produkt\/acavallo-arena-alupro-steigbuegel\/#primaryimage","url":"https:\/\/www.diesattlerin.at\/2020\/wp-content\/uploads\/2023\/11\/acavallo-steigbuegel-arena-alupro.jpg","contentUrl":"https:\/\/www.diesattlerin.at\/2020\/wp-content\/uploads\/2023\/11\/acavallo-steigbuegel-arena-alupro.jpg","width":620,"height":620},{"@type":"BreadcrumbList","@id":"https:\/\/www.diesattlerin.at\/2020\/produkt\/acavallo-arena-alupro-steigbuegel\/#breadcrumb","itemListElement":[{"@type":"ListItem","position":1,"name":"Startseite","item":"https:\/\/www.diesattlerin.at\/2020\/"},{"@type":"ListItem","position":2,"name":"Shop","item":"https:\/\/www.diesattlerin.at\/2020\/shop\/"},{"@type":"ListItem","position":3,"name":"Acavallo Arena Alupro Steigb\u00fcgel"}]},{"@type":"WebSite","@id":"https:\/\/www.diesattlerin.at\/2020\/#website","url":"https:\/\/www.diesattlerin.at\/2020\/","name":"DieSattlerin.at","description":"F\u00fcr die peferkte Verbindung zwischen Pferd und Reiter","publisher":{"@id":"https:\/\/www.diesattlerin.at\/2020\/#\/schema\/person\/b2e347c8d990b2c6625ad3406dab25ae"},"potentialAction":[{"@type":"SearchAction","target":{"@type":"EntryPoint","urlTemplate":"https:\/\/www.diesattlerin.at\/2020\/?s={search_term_string}"},"query-input":{"@type":"PropertyValueSpecification","valueRequired":true,"valueName":"search_term_string"}}],"inLanguage":"de"},{"@type":["Person","Organization"],"@id":"https:\/\/www.diesattlerin.at\/2020\/#\/schema\/person\/b2e347c8d990b2c6625ad3406dab25ae","name":"Theresa Stern","image":{"@type":"ImageObject","inLanguage":"de","@id":"https:\/\/www.diesattlerin.at\/2020\/#\/schema\/person\/image\/","url":"https:\/\/secure.gravatar.com\/avatar\/2ace1a28597fedd70ab057b04196cc48c92122397db6802ce72950f59c7e4f35?s=96&d=mm&r=g","contentUrl":"https:\/\/secure.gravatar.com\/avatar\/2ace1a28597fedd70ab057b04196cc48c92122397db6802ce72950f59c7e4f35?s=96&d=mm&r=g","caption":"Theresa Stern"},"logo":{"@id":"https:\/\/www.diesattlerin.at\/2020\/#\/schema\/person\/image\/"}}]}},"_links":{"self":[{"href":"https:\/\/www.diesattlerin.at\/2020\/wp-json\/wp\/v2\/product\/1551","targetHints":{"allow":["GET"]}}],"collection":[{"href":"https:\/\/www.diesattlerin.at\/2020\/wp-json\/wp\/v2\/product"}],"about":[{"href":"https:\/\/www.diesattlerin.at\/2020\/wp-json\/wp\/v2\/types\/product"}],"replies":[{"embeddable":true,"href":"https:\/\/www.diesattlerin.at\/2020\/wp-json\/wp\/v2\/comments?post=1551"}],"wp:featuredmedia":[{"embeddable":true,"href":"https:\/\/www.diesattlerin.at\/2020\/wp-json\/wp\/v2\/media\/1613"}],"wp:attachment":[{"href":"https:\/\/www.diesattlerin.at\/2020\/wp-json\/wp\/v2\/media?parent=1551"}],"wp:term":[{"taxonomy":"product_brand","embeddable":true,"href":"https:\/\/www.diesattlerin.at\/2020\/wp-json\/wp\/v2\/product_brand?post=1551"},{"taxonomy":"product_cat","embeddable":true,"href":"https:\/\/www.diesattlerin.at\/2020\/wp-json\/wp\/v2\/product_cat?post=1551"},{"taxonomy":"product_tag","embeddable":true,"href":"https:\/\/www.diesattlerin.at\/2020\/wp-json\/wp\/v2\/product_tag?post=1551"}],"curies":[{"name":"wp","href":"https:\/\/api.w.org\/{rel}","templated":true}]}}